{"id":38638,"date":"2026-01-19T13:39:41","date_gmt":"2026-01-19T16:39:41","guid":{"rendered":"https:\/\/www.vagadeempregorj.com.br\/?page_id=38638"},"modified":"2026-01-19T14:16:53","modified_gmt":"2026-01-19T17:16:53","slug":"disclaimer","status":"publish","type":"page","link":"https:\/\/www.vagadeempregorj.com.br\/ar\/disclaimer\/","title":{"rendered":"Disclaimer"},"content":{"rendered":"<p>Agradecemos o seu interesse em visitar e utilizar o site Vaga de Emprego RJ. Antes de prosseguir, gostar\u00edamos de esclarecer a import\u00e2ncia deste aviso legal para estabelecer uma rela\u00e7\u00e3o transparente e clara com voc\u00ea, usu\u00e1rio ou usu\u00e1ria.<\/p>\n<p>O objetivo desta se\u00e7\u00e3o \u00e9 fornecer informa\u00e7\u00f5es relevantes que aprimorem sua experi\u00eancia ao utilizar nossa plataforma. \u00c9 essencial que voc\u00ea esteja ciente das condi\u00e7\u00f5es e limita\u00e7\u00f5es do nosso site, evitando qualquer interpreta\u00e7\u00e3o equivocada sobre o conte\u00fado apresentado.<\/p>\n<p>Responsabilidade sobre Conte\u00fado:O conte\u00fado publicado no Vaga de Emprego RJ \u00e9 disponibilizado com a melhor inten\u00e7\u00e3o de fornecer informa\u00e7\u00f5es atualizadas e precisas. Entretanto, n\u00e3o nos responsabilizamos por eventuais diverg\u00eancias entre as informa\u00e7\u00f5es apresentadas no site e outras fontes externas.<\/p>\n<p>Produtos Financeiros:Deixamos claro que o Vaga de Emprego RJ N\u00c3O solicita, em circunst\u00e2ncia alguma, qualquer quantia em dinheiro para a libera\u00e7\u00e3o de produtos financeiros, tais como cart\u00f5es de cr\u00e9dito, financiamentos ou empr\u00e9stimos. Caso receba alguma solicita\u00e7\u00e3o dessa natureza em nosso nome, por favor, comunique-nos imediatamente por meio da se\u00e7\u00e3o de Contato.<\/p>\n<p>Rela\u00e7\u00e3o com Parceiros:\u00c9 importante esclarecer que o Vaga de Emprego RJ pode receber receita de parceiros e anunciantes por meio de publicidades exibidas em nosso site. Contudo, reiteramos que nossa curadoria de conte\u00fado \u00e9 conduzida de forma independente, baseada em crit\u00e9rios de relev\u00e2ncia e interesse para o p\u00fablico. As parcerias n\u00e3o comprometem a imparcialidade do nosso conte\u00fado.<\/p>\n<p>Links Externos:O Vaga de Emprego RJ pode conter links para sites externos. Ressaltamos que n\u00e3o temos controle sobre o conte\u00fado e as pr\u00e1ticas desses sites. Assim, n\u00e3o nos responsabilizamos pelo conte\u00fado, pol\u00edticas de privacidade ou pr\u00e1ticas de sites de terceiros.<\/p>\n<p>Mudan\u00e7as e Atualiza\u00e7\u00f5es:Este aviso legal pode ser modificado periodicamente, sem aviso pr\u00e9vio, para refletir mudan\u00e7as em nossas pr\u00e1ticas ou atualiza\u00e7\u00f5es legais. Sugerimos que voc\u00ea o revise regularmente para estar sempre ciente de poss\u00edveis altera\u00e7\u00f5es.<\/p>\n<p>Agradecemos por utilizar o Vaga de Emprego RJ e estamos comprometidos em fornecer um ambiente seguro e confi\u00e1vel para a busca de oportunidades de emprego no Rio de Janeiro.<\/p>","protected":false},"excerpt":{"rendered":"<p>Agradecemos o seu interesse em visitar e utilizar o site Vaga de Emprego RJ. Antes de prosseguir, gostar\u00edamos de esclarecer a import\u00e2ncia deste aviso legal para estabelecer uma rela\u00e7\u00e3o transparente e clara com voc\u00ea, usu\u00e1rio ou usu\u00e1ria. O objetivo desta se\u00e7\u00e3o \u00e9 fornecer informa\u00e7\u00f5es relevantes que aprimorem sua experi\u00eancia ao utilizar nossa plataforma. \u00c9 essencial&hellip;&nbsp;<\/p>","protected":false},"author":1,"featured_media":0,"parent":0,"menu_order":0,"comment_status":"closed","ping_status":"closed","template":"","meta":{"neve_meta_sidebar":"","neve_meta_container":"","neve_meta_enable_content_width":"","neve_meta_content_width":0,"neve_meta_title_alignment":"","neve_meta_author_avatar":"","neve_post_elements_order":"","neve_meta_disable_header":"","neve_meta_disable_footer":"","neve_meta_disable_title":"","footnotes":""},"class_list":["post-38638","page","type-page","status-publish","hentry"],"yoast_head":"<!-- This site is optimized with the Yoast SEO plugin v27.5 - https:\/\/yoast.com\/product\/yoast-seo-wordpress\/ -->\n<title>Disclaimer -<\/title>\n<meta name=\"robots\" content=\"index, follow, max-snippet:-1, max-image-preview:large, max-video-preview:-1\" \/>\n<link rel=\"canonical\" href=\"https:\/\/www.vagadeempregorj.com.br\/ar\/disclaimer\/\" \/>\n<meta property=\"og:locale\" content=\"ar_AR\" \/>\n<meta property=\"og:type\" content=\"article\" \/>\n<meta property=\"og:title\" content=\"Disclaimer -\" \/>\n<meta property=\"og:description\" content=\"Agradecemos o seu interesse em visitar e utilizar o site Vaga de Emprego RJ. Antes de prosseguir, gostar\u00edamos de esclarecer a import\u00e2ncia deste aviso legal para estabelecer uma rela\u00e7\u00e3o transparente e clara com voc\u00ea, usu\u00e1rio ou usu\u00e1ria. O objetivo desta se\u00e7\u00e3o \u00e9 fornecer informa\u00e7\u00f5es relevantes que aprimorem sua experi\u00eancia ao utilizar nossa plataforma. \u00c9 essencial&hellip;&nbsp;\" \/>\n<meta property=\"og:url\" content=\"https:\/\/www.vagadeempregorj.com.br\/ar\/disclaimer\/\" \/>\n<meta property=\"article:publisher\" content=\"https:\/\/www.facebook.com\/empregobrasiloficial\" \/>\n<meta property=\"article:modified_time\" content=\"2026-01-19T17:16:53+00:00\" \/>\n<meta name=\"twitter:card\" content=\"summary_large_image\" \/>\n<meta name=\"twitter:label1\" content=\"Est. reading time\" \/>\n\t<meta name=\"twitter:data1\" content=\"\u062f\u0642\u064a\u0642\u062a\u0627\u0646\" \/>\n<script type=\"application\/ld+json\" class=\"yoast-schema-graph\">{\"@context\":\"https:\\\/\\\/schema.org\",\"@graph\":[{\"@type\":\"WebPage\",\"@id\":\"https:\\\/\\\/www.vagadeempregorj.com.br\\\/disclaimer\\\/\",\"url\":\"https:\\\/\\\/www.vagadeempregorj.com.br\\\/disclaimer\\\/\",\"name\":\"Disclaimer -\",\"isPartOf\":{\"@id\":\"https:\\\/\\\/www.vagadeempregorj.com.br\\\/#website\"},\"datePublished\":\"2026-01-19T16:39:41+00:00\",\"dateModified\":\"2026-01-19T17:16:53+00:00\",\"breadcrumb\":{\"@id\":\"https:\\\/\\\/www.vagadeempregorj.com.br\\\/disclaimer\\\/#breadcrumb\"},\"inLanguage\":\"ar\",\"potentialAction\":[{\"@type\":\"ReadAction\",\"target\":[\"https:\\\/\\\/www.vagadeempregorj.com.br\\\/disclaimer\\\/\"]}]},{\"@type\":\"BreadcrumbList\",\"@id\":\"https:\\\/\\\/www.vagadeempregorj.com.br\\\/disclaimer\\\/#breadcrumb\",\"itemListElement\":[{\"@type\":\"ListItem\",\"position\":1,\"name\":\"In\u00edcio\",\"item\":\"https:\\\/\\\/www.vagadeempregorj.com.br\\\/\"},{\"@type\":\"ListItem\",\"position\":2,\"name\":\"Disclaimer\"}]},{\"@type\":\"WebSite\",\"@id\":\"https:\\\/\\\/www.vagadeempregorj.com.br\\\/#website\",\"url\":\"https:\\\/\\\/www.vagadeempregorj.com.br\\\/\",\"name\":\"\",\"description\":\"Conquiste Sonhos: Vagas, Benef\u00edcios e Economia para Transformar Vidas e Alcan\u00e7ar Melhorias Cotidianas\",\"potentialAction\":[{\"@type\":\"SearchAction\",\"target\":{\"@type\":\"EntryPoint\",\"urlTemplate\":\"https:\\\/\\\/www.vagadeempregorj.com.br\\\/?s={search_term_string}\"},\"query-input\":{\"@type\":\"PropertyValueSpecification\",\"valueRequired\":true,\"valueName\":\"search_term_string\"}}],\"inLanguage\":\"ar\"}]}<\/script>\n<!-- \/ Yoast SEO plugin. -->","yoast_head_json":{"title":"Disclaimer -","robots":{"index":"index","follow":"follow","max-snippet":"max-snippet:-1","max-image-preview":"max-image-preview:large","max-video-preview":"max-video-preview:-1"},"canonical":"https:\/\/www.vagadeempregorj.com.br\/ar\/disclaimer\/","og_locale":"ar_AR","og_type":"article","og_title":"Disclaimer -","og_description":"Agradecemos o seu interesse em visitar e utilizar o site Vaga de Emprego RJ. Antes de prosseguir, gostar\u00edamos de esclarecer a import\u00e2ncia deste aviso legal para estabelecer uma rela\u00e7\u00e3o transparente e clara com voc\u00ea, usu\u00e1rio ou usu\u00e1ria. O objetivo desta se\u00e7\u00e3o \u00e9 fornecer informa\u00e7\u00f5es relevantes que aprimorem sua experi\u00eancia ao utilizar nossa plataforma. \u00c9 essencial&hellip;&nbsp;","og_url":"https:\/\/www.vagadeempregorj.com.br\/ar\/disclaimer\/","article_publisher":"https:\/\/www.facebook.com\/empregobrasiloficial","article_modified_time":"2026-01-19T17:16:53+00:00","twitter_card":"summary_large_image","twitter_misc":{"Est. reading time":"\u062f\u0642\u064a\u0642\u062a\u0627\u0646"},"schema":{"@context":"https:\/\/schema.org","@graph":[{"@type":"WebPage","@id":"https:\/\/www.vagadeempregorj.com.br\/disclaimer\/","url":"https:\/\/www.vagadeempregorj.com.br\/disclaimer\/","name":"Disclaimer -","isPartOf":{"@id":"https:\/\/www.vagadeempregorj.com.br\/#website"},"datePublished":"2026-01-19T16:39:41+00:00","dateModified":"2026-01-19T17:16:53+00:00","breadcrumb":{"@id":"https:\/\/www.vagadeempregorj.com.br\/disclaimer\/#breadcrumb"},"inLanguage":"ar","potentialAction":[{"@type":"ReadAction","target":["https:\/\/www.vagadeempregorj.com.br\/disclaimer\/"]}]},{"@type":"BreadcrumbList","@id":"https:\/\/www.vagadeempregorj.com.br\/disclaimer\/#breadcrumb","itemListElement":[{"@type":"ListItem","position":1,"name":"In\u00edcio","item":"https:\/\/www.vagadeempregorj.com.br\/"},{"@type":"ListItem","position":2,"name":"Disclaimer"}]},{"@type":"WebSite","@id":"https:\/\/www.vagadeempregorj.com.br\/#website","url":"https:\/\/www.vagadeempregorj.com.br\/","name":"","description":"Conquiste Sonhos: Vagas, Benef\u00edcios e Economia para Transformar Vidas e Alcan\u00e7ar Melhorias Cotidianas","potentialAction":[{"@type":"SearchAction","target":{"@type":"EntryPoint","urlTemplate":"https:\/\/www.vagadeempregorj.com.br\/?s={search_term_string}"},"query-input":{"@type":"PropertyValueSpecification","valueRequired":true,"valueName":"search_term_string"}}],"inLanguage":"ar"}]}},"_links":{"self":[{"href":"https:\/\/www.vagadeempregorj.com.br\/ar\/wp-json\/wp\/v2\/pages\/38638","targetHints":{"allow":["GET"]}}],"collection":[{"href":"https:\/\/www.vagadeempregorj.com.br\/ar\/wp-json\/wp\/v2\/pages"}],"about":[{"href":"https:\/\/www.vagadeempregorj.com.br\/ar\/wp-json\/wp\/v2\/types\/page"}],"author":[{"embeddable":true,"href":"https:\/\/www.vagadeempregorj.com.br\/ar\/wp-json\/wp\/v2\/users\/1"}],"replies":[{"embeddable":true,"href":"https:\/\/www.vagadeempregorj.com.br\/ar\/wp-json\/wp\/v2\/comments?post=38638"}],"version-history":[{"count":2,"href":"https:\/\/www.vagadeempregorj.com.br\/ar\/wp-json\/wp\/v2\/pages\/38638\/revisions"}],"predecessor-version":[{"id":44183,"href":"https:\/\/www.vagadeempregorj.com.br\/ar\/wp-json\/wp\/v2\/pages\/38638\/revisions\/44183"}],"wp:attachment":[{"href":"https:\/\/www.vagadeempregorj.com.br\/ar\/wp-json\/wp\/v2\/media?parent=38638"}],"curies":[{"name":"wp","href":"https:\/\/api.w.org\/{rel}","templated":true}]}}

<p>Agradecemos o seu interesse em visitar e utilizar o site Vaga de Emprego RJ. Antes de prosseguir, gostaríamos de esclarecer a importância deste aviso legal para estabelecer uma relação transparente e clara com você, usuário ou usuária.</p>
<p>O objetivo desta seção é fornecer informações relevantes que aprimorem sua experiência ao utilizar nossa plataforma. É essencial que você esteja ciente das condições e limitações do nosso site, evitando qualquer interpretação equivocada sobre o conteúdo apresentado.</p>
<p>Responsabilidade sobre Conteúdo:O conteúdo publicado no Vaga de Emprego RJ é disponibilizado com a melhor intenção de fornecer informações atualizadas e precisas. Entretanto, não nos responsabilizamos por eventuais divergências entre as informações apresentadas no site e outras fontes externas.</p>
<p>Produtos Financeiros:Deixamos claro que o Vaga de Emprego RJ NÃO solicita, em circunstância alguma, qualquer quantia em dinheiro para a liberação de produtos financeiros, tais como cartões de crédito, financiamentos ou empréstimos. Caso receba alguma solicitação dessa natureza em nosso nome, por favor, comunique-nos imediatamente por meio da seção de Contato.</p>
<p>Relação com Parceiros:É importante esclarecer que o Vaga de Emprego RJ pode receber receita de parceiros e anunciantes por meio de publicidades exibidas em nosso site. Contudo, reiteramos que nossa curadoria de conteúdo é conduzida de forma independente, baseada em critérios de relevância e interesse para o público. As parcerias não comprometem a imparcialidade do nosso conteúdo.</p>
<p>Links Externos:O Vaga de Emprego RJ pode conter links para sites externos. Ressaltamos que não temos controle sobre o conteúdo e as práticas desses sites. Assim, não nos responsabilizamos pelo conteúdo, políticas de privacidade ou práticas de sites de terceiros.</p>
<p>Mudanças e Atualizações:Este aviso legal pode ser modificado periodicamente, sem aviso prévio, para refletir mudanças em nossas práticas ou atualizações legais. Sugerimos que você o revise regularmente para estar sempre ciente de possíveis alterações.</p>
<p>Agradecemos por utilizar o Vaga de Emprego RJ e estamos comprometidos em fornecer um ambiente seguro e confiável para a busca de oportunidades de emprego no Rio de Janeiro.</p>

<p>Agradecemos o seu interesse em visitar e utilizar o site Vaga de Emprego RJ. Antes de prosseguir, gostaríamos de esclarecer a importância deste aviso legal para estabelecer uma relação transparente e clara com você, usuário ou usuária. O objetivo desta seção é fornecer informações relevantes que aprimorem sua experiência ao utilizar nossa plataforma. É essencial&hellip;&nbsp;</p>

<!-- This site is optimized with the Yoast SEO plugin v27.5 - https://yoast.com/product/yoast-seo-wordpress/ -->
<title>Disclaimer -</title>
<meta name="robots" content="index, follow, max-snippet:-1, max-image-preview:large, max-video-preview:-1" />
<link rel="canonical" href="https://www.vagadeempregorj.com.br/ar/disclaimer/" />
<meta property="og:locale" content="ar_AR" />
<meta property="og:type" content="article" />
<meta property="og:title" content="Disclaimer -" />
<meta property="og:description" content="Agradecemos o seu interesse em visitar e utilizar o site Vaga de Emprego RJ. Antes de prosseguir, gostaríamos de esclarecer a importância deste aviso legal para estabelecer uma relação transparente e clara com você, usuário ou usuária. O objetivo desta seção é fornecer informações relevantes que aprimorem sua experiência ao utilizar nossa plataforma. É essencial&hellip;&nbsp;" />
<meta property="og:url" content="https://www.vagadeempregorj.com.br/ar/disclaimer/" />
<meta property="article:publisher" content="https://www.facebook.com/empregobrasiloficial" />
<meta property="article:modified_time" content="2026-01-19T17:16:53+00:00" />
<meta name="twitter:card" content="summary_large_image" />
<meta name="twitter:label1" content="Est. reading time" />
	<meta name="twitter:data1" content="دقيقتان" />
<script type="application/ld+json" class="yoast-schema-graph">{"@context":"https:\/\/schema.org","@graph":[{"@type":"WebPage","@id":"https:\/\/www.vagadeempregorj.com.br\/disclaimer\/","url":"https:\/\/www.vagadeempregorj.com.br\/disclaimer\/","name":"Disclaimer -","isPartOf":{"@id":"https:\/\/www.vagadeempregorj.com.br\/#website"},"datePublished":"2026-01-19T16:39:41+00:00","dateModified":"2026-01-19T17:16:53+00:00","breadcrumb":{"@id":"https:\/\/www.vagadeempregorj.com.br\/disclaimer\/#breadcrumb"},"inLanguage":"ar","potentialAction":[{"@type":"ReadAction","target":["https:\/\/www.vagadeempregorj.com.br\/disclaimer\/"]}]},{"@type":"BreadcrumbList","@id":"https:\/\/www.vagadeempregorj.com.br\/disclaimer\/#breadcrumb","itemListElement":[{"@type":"ListItem","position":1,"name":"Início","item":"https:\/\/www.vagadeempregorj.com.br\/"},{"@type":"ListItem","position":2,"name":"Disclaimer"}]},{"@type":"WebSite","@id":"https:\/\/www.vagadeempregorj.com.br\/#website","url":"https:\/\/www.vagadeempregorj.com.br\/","name":"","description":"Conquiste Sonhos: Vagas, Benefícios e Economia para Transformar Vidas e Alcançar Melhorias Cotidianas","potentialAction":[{"@type":"SearchAction","target":{"@type":"EntryPoint","urlTemplate":"https:\/\/www.vagadeempregorj.com.br\/?s={search_term_string}"},"query-input":{"@type":"PropertyValueSpecification","valueRequired":true,"valueName":"search_term_string"}}],"inLanguage":"ar"}]}</script>
<!-- / Yoast SEO plugin. -->

Agradecemos o seu interesse em visitar e utilizar o site Vaga de Emprego RJ. Antes de prosseguir, gostaríamos de esclarecer a importância deste aviso legal para estabelecer uma relação transparente e clara com você, usuário ou usuária. O objetivo desta seção é fornecer informações relevantes que aprimorem sua experiência ao utilizar nossa plataforma. É essencial&hellip;&nbsp;

دقيقتان

Início

Conquiste Sonhos: Vagas, Benefícios e Economia para Transformar Vidas e Alcançar Melhorias Cotidianas
