{"id":38668,"date":"2023-07-30T22:24:43","date_gmt":"2023-07-31T01:24:43","guid":{"rendered":"https:\/\/www.vagadeempregorj.com.br\/?page_id=38668"},"modified":"2026-01-19T14:18:43","modified_gmt":"2026-01-19T17:18:43","slug":"termos-de-uso","status":"publish","type":"page","link":"https:\/\/www.vagadeempregorj.com.br\/ar\/termos-de-uso\/","title":{"rendered":"Termos de Uso"},"content":{"rendered":"<p>Ao acessar nosso Site e utiliz\u00e1-lo, voc\u00ea aceita nossos Termos de Uso, bem como a nossa Pol\u00edtica de Privacidade e Cookie.<\/p>\n<p>\u00c9 totalmente proibido fazer spam em nosso site ou divulgar link de outro site.<\/p>\n<p>As vagas anunciadas em nosso site <a href=\"https:\/\/www.vagadeempregorj.com.br\/ar\/\">Vaga de Emprego Rio de Janeiro<\/a> s\u00e3o compartilhadas e divulgadas em nossas redes sociais.<\/p>\n<p>O site Vaga de Emprego RJ atua com o intuito de facilitar o CANDIDATO e as empresas anunciantes de forma digital. O site Vaga de Emprego RJ n\u00e3o tem a prerrogativa legal de realizar monitoramento e\/ou fiscaliza\u00e7\u00e3o da veracidade das informa\u00e7\u00f5es transmitidas pela empresa a respeito das caracter\u00edsticas da vaga divulgada. O site Vaga de Emprego RJ n\u00e3o se responsabiliza pelo conte\u00fado ou a veracidade das vagas anunciadas, pelas comunica\u00e7\u00f5es estabelecidas entre as empresas e os CANDIDATOS, nem pela condu\u00e7\u00e3o dos processos seletivos pelas empresas anunciantes das vagas de emprego, que s\u00e3o as \u00fanicas respons\u00e1veis pelas vagas, comunica\u00e7\u00f5es e sele\u00e7\u00f5es que anunciarem e\/ou conduzirem, cabendo ao CANDIDATO zelar por seus melhores interesses, motivo pelo qual o CANDIDATO reconhece e concorda expressamente que o site Vaga de Emprego RJ n\u00e3o poder\u00e1 ser responsabilizado, perante o CANDIDATO ou qualquer terceiro, por perdas e danos de qualquer esp\u00e9cie que venham a ser conhecidas em decorr\u00eancia de tais negocia\u00e7\u00f5es, sejam contratuais, extracontratuais ou de qualquer outra natureza.<\/p>\n<p>Caso encontre conte\u00fado publicado aqui sem autoriza\u00e7\u00e3o, por favor solicite a remo\u00e7\u00e3o do mesmo por meio de nossas redes sociais. Sua solicita\u00e7\u00e3o ser\u00e1 analisada e se julgada correta, procederemos a remo\u00e7\u00e3o do conte\u00fado.<\/p>\n<p>Caso n\u00e3o queira mais receber nossos informativos basta clicar no link cancelar recebimento localizado no rodap\u00e9 do e-mail.<\/p>\n<p>Participe de nossas Redes Sociais e receba todos os dias notifica\u00e7\u00e3o de novas vagas! Seja tamb\u00e9m notificado no seu celular ou computador, clicando no &#8220;sininho&#8221; no canto direito inferior.<\/p>\n<p>Desejamos a Todos Sucesso e Boa Sorte!<\/p>\n<p>Equipe Vaga de Emprego Rio de Janeiro!<\/p>","protected":false},"excerpt":{"rendered":"<p>Ao acessar nosso Site e utiliz\u00e1-lo, voc\u00ea aceita nossos Termos de Uso, bem como a nossa Pol\u00edtica de Privacidade e Cookie. \u00c9 totalmente proibido fazer spam em nosso site ou divulgar link de outro site. As vagas anunciadas em nosso site Vaga de Emprego Rio de Janeiro s\u00e3o compartilhadas e divulgadas em nossas redes sociais.&hellip;&nbsp;<\/p>","protected":false},"author":1,"featured_media":0,"parent":0,"menu_order":0,"comment_status":"closed","ping_status":"closed","template":"","meta":{"neve_meta_sidebar":"","neve_meta_container":"","neve_meta_enable_content_width":"","neve_meta_content_width":0,"neve_meta_title_alignment":"","neve_meta_author_avatar":"","neve_post_elements_order":"","neve_meta_disable_header":"","neve_meta_disable_footer":"","neve_meta_disable_title":"","footnotes":""},"class_list":["post-38668","page","type-page","status-publish","hentry"],"yoast_head":"<!-- This site is optimized with the Yoast SEO plugin v27.5 - https:\/\/yoast.com\/product\/yoast-seo-wordpress\/ -->\n<title>Termos de Uso -<\/title>\n<meta name=\"robots\" content=\"index, follow, max-snippet:-1, max-image-preview:large, max-video-preview:-1\" \/>\n<link rel=\"canonical\" href=\"https:\/\/www.vagadeempregorj.com.br\/ar\/termos-de-uso\/\" \/>\n<meta property=\"og:locale\" content=\"ar_AR\" \/>\n<meta property=\"og:type\" content=\"article\" \/>\n<meta property=\"og:title\" content=\"Termos de Uso -\" \/>\n<meta property=\"og:description\" content=\"Ao acessar nosso Site e utiliz\u00e1-lo, voc\u00ea aceita nossos Termos de Uso, bem como a nossa Pol\u00edtica de Privacidade e Cookie. \u00c9 totalmente proibido fazer spam em nosso site ou divulgar link de outro site. As vagas anunciadas em nosso site Vaga de Emprego Rio de Janeiro s\u00e3o compartilhadas e divulgadas em nossas redes sociais.&hellip;&nbsp;\" \/>\n<meta property=\"og:url\" content=\"https:\/\/www.vagadeempregorj.com.br\/ar\/termos-de-uso\/\" \/>\n<meta property=\"article:publisher\" content=\"https:\/\/www.facebook.com\/empregobrasiloficial\" \/>\n<meta property=\"article:modified_time\" content=\"2026-01-19T17:18:43+00:00\" \/>\n<meta name=\"twitter:card\" content=\"summary_large_image\" \/>\n<meta name=\"twitter:label1\" content=\"Est. reading time\" \/>\n\t<meta name=\"twitter:data1\" content=\"\u062f\u0642\u064a\u0642\u062a\u0627\u0646\" \/>\n<script type=\"application\/ld+json\" class=\"yoast-schema-graph\">{\"@context\":\"https:\\\/\\\/schema.org\",\"@graph\":[{\"@type\":\"WebPage\",\"@id\":\"https:\\\/\\\/www.vagadeempregorj.com.br\\\/termos-de-uso\\\/\",\"url\":\"https:\\\/\\\/www.vagadeempregorj.com.br\\\/termos-de-uso\\\/\",\"name\":\"Termos de Uso -\",\"isPartOf\":{\"@id\":\"https:\\\/\\\/www.vagadeempregorj.com.br\\\/#website\"},\"datePublished\":\"2023-07-31T01:24:43+00:00\",\"dateModified\":\"2026-01-19T17:18:43+00:00\",\"breadcrumb\":{\"@id\":\"https:\\\/\\\/www.vagadeempregorj.com.br\\\/termos-de-uso\\\/#breadcrumb\"},\"inLanguage\":\"ar\",\"potentialAction\":[{\"@type\":\"ReadAction\",\"target\":[\"https:\\\/\\\/www.vagadeempregorj.com.br\\\/termos-de-uso\\\/\"]}]},{\"@type\":\"BreadcrumbList\",\"@id\":\"https:\\\/\\\/www.vagadeempregorj.com.br\\\/termos-de-uso\\\/#breadcrumb\",\"itemListElement\":[{\"@type\":\"ListItem\",\"position\":1,\"name\":\"In\u00edcio\",\"item\":\"https:\\\/\\\/www.vagadeempregorj.com.br\\\/\"},{\"@type\":\"ListItem\",\"position\":2,\"name\":\"Termos de Uso\"}]},{\"@type\":\"WebSite\",\"@id\":\"https:\\\/\\\/www.vagadeempregorj.com.br\\\/#website\",\"url\":\"https:\\\/\\\/www.vagadeempregorj.com.br\\\/\",\"name\":\"\",\"description\":\"Conquiste Sonhos: Vagas, Benef\u00edcios e Economia para Transformar Vidas e Alcan\u00e7ar Melhorias Cotidianas\",\"potentialAction\":[{\"@type\":\"SearchAction\",\"target\":{\"@type\":\"EntryPoint\",\"urlTemplate\":\"https:\\\/\\\/www.vagadeempregorj.com.br\\\/?s={search_term_string}\"},\"query-input\":{\"@type\":\"PropertyValueSpecification\",\"valueRequired\":true,\"valueName\":\"search_term_string\"}}],\"inLanguage\":\"ar\"}]}<\/script>\n<!-- \/ Yoast SEO plugin. -->","yoast_head_json":{"title":"Termos de Uso -","robots":{"index":"index","follow":"follow","max-snippet":"max-snippet:-1","max-image-preview":"max-image-preview:large","max-video-preview":"max-video-preview:-1"},"canonical":"https:\/\/www.vagadeempregorj.com.br\/ar\/termos-de-uso\/","og_locale":"ar_AR","og_type":"article","og_title":"Termos de Uso -","og_description":"Ao acessar nosso Site e utiliz\u00e1-lo, voc\u00ea aceita nossos Termos de Uso, bem como a nossa Pol\u00edtica de Privacidade e Cookie. \u00c9 totalmente proibido fazer spam em nosso site ou divulgar link de outro site. As vagas anunciadas em nosso site Vaga de Emprego Rio de Janeiro s\u00e3o compartilhadas e divulgadas em nossas redes sociais.&hellip;&nbsp;","og_url":"https:\/\/www.vagadeempregorj.com.br\/ar\/termos-de-uso\/","article_publisher":"https:\/\/www.facebook.com\/empregobrasiloficial","article_modified_time":"2026-01-19T17:18:43+00:00","twitter_card":"summary_large_image","twitter_misc":{"Est. reading time":"\u062f\u0642\u064a\u0642\u062a\u0627\u0646"},"schema":{"@context":"https:\/\/schema.org","@graph":[{"@type":"WebPage","@id":"https:\/\/www.vagadeempregorj.com.br\/termos-de-uso\/","url":"https:\/\/www.vagadeempregorj.com.br\/termos-de-uso\/","name":"Termos de Uso -","isPartOf":{"@id":"https:\/\/www.vagadeempregorj.com.br\/#website"},"datePublished":"2023-07-31T01:24:43+00:00","dateModified":"2026-01-19T17:18:43+00:00","breadcrumb":{"@id":"https:\/\/www.vagadeempregorj.com.br\/termos-de-uso\/#breadcrumb"},"inLanguage":"ar","potentialAction":[{"@type":"ReadAction","target":["https:\/\/www.vagadeempregorj.com.br\/termos-de-uso\/"]}]},{"@type":"BreadcrumbList","@id":"https:\/\/www.vagadeempregorj.com.br\/termos-de-uso\/#breadcrumb","itemListElement":[{"@type":"ListItem","position":1,"name":"In\u00edcio","item":"https:\/\/www.vagadeempregorj.com.br\/"},{"@type":"ListItem","position":2,"name":"Termos de Uso"}]},{"@type":"WebSite","@id":"https:\/\/www.vagadeempregorj.com.br\/#website","url":"https:\/\/www.vagadeempregorj.com.br\/","name":"","description":"Conquiste Sonhos: Vagas, Benef\u00edcios e Economia para Transformar Vidas e Alcan\u00e7ar Melhorias Cotidianas","potentialAction":[{"@type":"SearchAction","target":{"@type":"EntryPoint","urlTemplate":"https:\/\/www.vagadeempregorj.com.br\/?s={search_term_string}"},"query-input":{"@type":"PropertyValueSpecification","valueRequired":true,"valueName":"search_term_string"}}],"inLanguage":"ar"}]}},"_links":{"self":[{"href":"https:\/\/www.vagadeempregorj.com.br\/ar\/wp-json\/wp\/v2\/pages\/38668","targetHints":{"allow":["GET"]}}],"collection":[{"href":"https:\/\/www.vagadeempregorj.com.br\/ar\/wp-json\/wp\/v2\/pages"}],"about":[{"href":"https:\/\/www.vagadeempregorj.com.br\/ar\/wp-json\/wp\/v2\/types\/page"}],"author":[{"embeddable":true,"href":"https:\/\/www.vagadeempregorj.com.br\/ar\/wp-json\/wp\/v2\/users\/1"}],"replies":[{"embeddable":true,"href":"https:\/\/www.vagadeempregorj.com.br\/ar\/wp-json\/wp\/v2\/comments?post=38668"}],"version-history":[{"count":1,"href":"https:\/\/www.vagadeempregorj.com.br\/ar\/wp-json\/wp\/v2\/pages\/38668\/revisions"}],"predecessor-version":[{"id":44187,"href":"https:\/\/www.vagadeempregorj.com.br\/ar\/wp-json\/wp\/v2\/pages\/38668\/revisions\/44187"}],"wp:attachment":[{"href":"https:\/\/www.vagadeempregorj.com.br\/ar\/wp-json\/wp\/v2\/media?parent=38668"}],"curies":[{"name":"wp","href":"https:\/\/api.w.org\/{rel}","templated":true}]}}

<p>Ao acessar nosso Site e utilizá-lo, você aceita nossos Termos de Uso, bem como a nossa Política de Privacidade e Cookie.</p>
<p>É totalmente proibido fazer spam em nosso site ou divulgar link de outro site.</p>
<p>As vagas anunciadas em nosso site <a href="https://www.vagadeempregorj.com.br/ar/">Vaga de Emprego Rio de Janeiro</a> são compartilhadas e divulgadas em nossas redes sociais.</p>
<p>O site Vaga de Emprego RJ atua com o intuito de facilitar o CANDIDATO e as empresas anunciantes de forma digital. O site Vaga de Emprego RJ não tem a prerrogativa legal de realizar monitoramento e/ou fiscalização da veracidade das informações transmitidas pela empresa a respeito das características da vaga divulgada. O site Vaga de Emprego RJ não se responsabiliza pelo conteúdo ou a veracidade das vagas anunciadas, pelas comunicações estabelecidas entre as empresas e os CANDIDATOS, nem pela condução dos processos seletivos pelas empresas anunciantes das vagas de emprego, que são as únicas responsáveis pelas vagas, comunicações e seleções que anunciarem e/ou conduzirem, cabendo ao CANDIDATO zelar por seus melhores interesses, motivo pelo qual o CANDIDATO reconhece e concorda expressamente que o site Vaga de Emprego RJ não poderá ser responsabilizado, perante o CANDIDATO ou qualquer terceiro, por perdas e danos de qualquer espécie que venham a ser conhecidas em decorrência de tais negociações, sejam contratuais, extracontratuais ou de qualquer outra natureza.</p>
<p>Caso encontre conteúdo publicado aqui sem autorização, por favor solicite a remoção do mesmo por meio de nossas redes sociais. Sua solicitação será analisada e se julgada correta, procederemos a remoção do conteúdo.</p>
<p>Caso não queira mais receber nossos informativos basta clicar no link cancelar recebimento localizado no rodapé do e-mail.</p>
<p>Participe de nossas Redes Sociais e receba todos os dias notificação de novas vagas! Seja também notificado no seu celular ou computador, clicando no &#8220;sininho&#8221; no canto direito inferior.</p>
<p>Desejamos a Todos Sucesso e Boa Sorte!</p>
<p>Equipe Vaga de Emprego Rio de Janeiro!</p>

<p>Ao acessar nosso Site e utilizá-lo, você aceita nossos Termos de Uso, bem como a nossa Política de Privacidade e Cookie. É totalmente proibido fazer spam em nosso site ou divulgar link de outro site. As vagas anunciadas em nosso site Vaga de Emprego Rio de Janeiro são compartilhadas e divulgadas em nossas redes sociais.&hellip;&nbsp;</p>

<!-- This site is optimized with the Yoast SEO plugin v27.5 - https://yoast.com/product/yoast-seo-wordpress/ -->
<title>Termos de Uso -</title>
<meta name="robots" content="index, follow, max-snippet:-1, max-image-preview:large, max-video-preview:-1" />
<link rel="canonical" href="https://www.vagadeempregorj.com.br/ar/termos-de-uso/" />
<meta property="og:locale" content="ar_AR" />
<meta property="og:type" content="article" />
<meta property="og:title" content="Termos de Uso -" />
<meta property="og:description" content="Ao acessar nosso Site e utilizá-lo, você aceita nossos Termos de Uso, bem como a nossa Política de Privacidade e Cookie. É totalmente proibido fazer spam em nosso site ou divulgar link de outro site. As vagas anunciadas em nosso site Vaga de Emprego Rio de Janeiro são compartilhadas e divulgadas em nossas redes sociais.&hellip;&nbsp;" />
<meta property="og:url" content="https://www.vagadeempregorj.com.br/ar/termos-de-uso/" />
<meta property="article:publisher" content="https://www.facebook.com/empregobrasiloficial" />
<meta property="article:modified_time" content="2026-01-19T17:18:43+00:00" />
<meta name="twitter:card" content="summary_large_image" />
<meta name="twitter:label1" content="Est. reading time" />
	<meta name="twitter:data1" content="دقيقتان" />
<script type="application/ld+json" class="yoast-schema-graph">{"@context":"https:\/\/schema.org","@graph":[{"@type":"WebPage","@id":"https:\/\/www.vagadeempregorj.com.br\/termos-de-uso\/","url":"https:\/\/www.vagadeempregorj.com.br\/termos-de-uso\/","name":"Termos de Uso -","isPartOf":{"@id":"https:\/\/www.vagadeempregorj.com.br\/#website"},"datePublished":"2023-07-31T01:24:43+00:00","dateModified":"2026-01-19T17:18:43+00:00","breadcrumb":{"@id":"https:\/\/www.vagadeempregorj.com.br\/termos-de-uso\/#breadcrumb"},"inLanguage":"ar","potentialAction":[{"@type":"ReadAction","target":["https:\/\/www.vagadeempregorj.com.br\/termos-de-uso\/"]}]},{"@type":"BreadcrumbList","@id":"https:\/\/www.vagadeempregorj.com.br\/termos-de-uso\/#breadcrumb","itemListElement":[{"@type":"ListItem","position":1,"name":"Início","item":"https:\/\/www.vagadeempregorj.com.br\/"},{"@type":"ListItem","position":2,"name":"Termos de Uso"}]},{"@type":"WebSite","@id":"https:\/\/www.vagadeempregorj.com.br\/#website","url":"https:\/\/www.vagadeempregorj.com.br\/","name":"","description":"Conquiste Sonhos: Vagas, Benefícios e Economia para Transformar Vidas e Alcançar Melhorias Cotidianas","potentialAction":[{"@type":"SearchAction","target":{"@type":"EntryPoint","urlTemplate":"https:\/\/www.vagadeempregorj.com.br\/?s={search_term_string}"},"query-input":{"@type":"PropertyValueSpecification","valueRequired":true,"valueName":"search_term_string"}}],"inLanguage":"ar"}]}</script>
<!-- / Yoast SEO plugin. -->

Ao acessar nosso Site e utilizá-lo, você aceita nossos Termos de Uso, bem como a nossa Política de Privacidade e Cookie. É totalmente proibido fazer spam em nosso site ou divulgar link de outro site. As vagas anunciadas em nosso site Vaga de Emprego Rio de Janeiro são compartilhadas e divulgadas em nossas redes sociais.&hellip;&nbsp;

دقيقتان

Início

Conquiste Sonhos: Vagas, Benefícios e Economia para Transformar Vidas e Alcançar Melhorias Cotidianas
